hat is c(-4)?
8
Let r be (15/10)/(9/(-12)). Let j be -3 + 62/(-2)*(r - 0). Let m(w) = w**2 + j - 2*w**2 + 8*w - 66. Calculate m(7).
0
Let u(q) = -q**3 - 4*q**2 + 4*q. Let o = -67 - -69. Let l be o*(-1)/(-6)*0. Suppose -3*w - 5*j - 10 = -l*j, -3 = -3*j. Give u(w).
5
Let c be -4 + 6 - (-1*10 - -3). Let p(s) = 61 + 8*s - c*s - 60. Calculate p(-5).
6
Let b(k) = k**3 + 3*k**2 - 3*k - 4. Let l be (-52)/(-6)*(-57)/38. Let a be l/5 + -1 + (-72)/180. Give b(a).
-8
Let l(u) be the third derivative of -u**5/60 + 11*u**4/24 + 41*u**3/2 + 9*u**2 + 28*u - 1. Calculate l(18).
-3
Let q(g) = -2*g + 7*g - 56 - 101 + 176. Let h(v) = 7*v + 2. Let o be h(-1). Calculate q(o).
-6
Suppose -4*g = -2*g + 2*f + 38, -2*f - 8 = 0. Let k be (-60)/8*10/g - 0. Let x(i) = -i**3 + 7*i**2 - 5*i + 5. Calculate x(k).
30
Let f(m) = 3*m**3 + 25*m**2 + 55*m + 4. Let u(w) = 2*w**3 + 16*w**2 + 37*w + 2. Let b(d) = -5*f(d) + 7*u(d). Calculate b(-12).
42
Let q be (3/2)/((-9)/(-12)). Let m(l) be the first derivative of 2*l + 261 + 3/2*l**2. What is m(q)?
8
Let p(r) = r**3 + 17*r**2 + 15*r + 32. Let k(h) = -18*h**2 + 14*h + 16. Let g be k(-1). Give p(g).
48
Let u be ((-8)/(-10) - 1) + (-15150)/(-125). Let c = u + -118. Suppose 0 = c*f - 15, 10 = 2*x - 7*x + 2*f. Let b(z) = z - 5. Calculate b(x).
-5
Let r(y) = -y**2 - y + 32. Let c(t) = -16*t - 240. Let n be c(4). Let l = n + 304. Calculate r(l).
32
Let l(c) be the second derivative of -c**3/6 - 7*c**2/2 - 3773*c. Let j(d) = -8*d**2 + d. Let q(p) = -p - 5. Let o be q(-4). Let u be j(o). What is l(u)?
2
Let w(g) = 3*g**3 + g**2 - g - 1. Let r(c) = -26*c**3 - 15*c**2 + 13*c + 8. Let b(l) = -r(l) - 9*w(l). Determine b(4).
17
Let b(l) = -l + 3 + 1 - 6*l + l**2 - 5 + l**3. Let u be b(-3). Let j(i) = -i + i**3 - 1 + 0 + 9*i - 8*i**2 - u. Calculate j(7).
4
Let h(t) = -12*t + 96. Let p(d) = -3*d + 29. Let k(m) = -2*h(m) + 7*p(m). Suppose -36 = 5*v + 2*l - 5*l, 3*v + 4*l + 39 = 0. Calculate k(v).
-16
Let g(d) = 0*d**2 - 5*d**2 + 5*d + d**3 + 166 + d - 180. Let s = 7 - 3. Let h be g(s). Let f(n) = n**3 + 5*n**2 - 6*n + 4. Calculate f(h).
4
Let i(f) = 14*f + 81. Let v(h) = -27*h - 160. Let p(q) = -11*i(q) - 6*v(q). What is p(-8)?
5
Let o(c) = -63611*c + 2*c**3 + 127235*c - 4 - 3*c**2 - 63618*c. What is o(1)?
1
Let q(t) = 22*t**2 + 8*t. Let g(j) = 19*j**2 + 8*j - 1. Let r(w) = -7*g(w) + 6*q(w). Let x be (-4)/6 + 50/(-6). Let k be r(x). Let v(f) = 3*f**2 + 1. Give v(k).
13
Suppose -2*l = -7*l - 5. Let i(b) = 13*b - b**2 + 106 + 2*b**3 - 107 - 13*b. Let x(m) = m**3 + m**2 - m + 1. Let n(r) = i(r) + x(r). What is n(l)?
-2
Let b(r) = -r**3 + 2*r**2 + 2*r + 4. Let m be b(3). Let v be 4/10*(-4 - -9)*m. Let f(n) = n**3 - 4*n**2 + 3*n. Calculate f(v).
-2
Let a(q) = q + 66. Suppose 16 = 980*s - 976*s, 5*b = -4*s - 84. Calculate a(b).
46
Let o = -293 - -295. Let d(t) = 29*t**3 + 4 - 6 - 28*t**3 - 9*t**o. Determine d(9).
-2
Let t(x) = -x**3 - x**2 + 4*x - 1. Let z(r) = 9 + 18*r + 3 - 15*r. Let i be z(-5). Let l be t(i). Let g(v) = v**3 - 4*v**2 - 5*v - 2. Determine g(l).
-2
Let d(t) be the third derivative of -t**7/2520 + 4*t**5/3 + 2*t**2 - 2*t. Let s(k) be the third derivative of d(k). Calculate s(-3).
6
Let t(a) = 21*a**3 - 60*a**2 + 31*a - 12. Let h(n) = -11*n**3 + 31*n**2 - 15*n + 6. Let j(m) = -19*h(m) - 10*t(m). Calculate j(7).
27
Let o(m) = -m**2 - 1. Let a(q) be the third derivative of 11*q**5/60 - q**4/24 + q**3 + q**2 + 38. Let b(u) = a(u) + 6*o(u). Determine b(-1).
6
Let z(a) = -6*a**2 - 112 + 6*a**3 + 36 + a + 40 - 7*a**3 + 39. Let v be 3/24 + (-50)/16. Determine z(v).
-27
Let t(a) = -2*a**2 - 197*a + 295. Let u be t(-100). Let d(h) = -14*h**2 + 20*h - 35. Let z(k) = 5*k**2 - 7*k + 12. Let b(x) = -6*d(x) - 17*z(x). Calculate b(u).
-14
Let l(c) be the second derivative of c**3/6 - 4*c**2 + 20*c - 11. Let r(o) = -o**3 + 18*o**2 - 17*o - 6. Let d be r(17). Calculate l(d).
-14
Suppose 4*t - 10 = -5*m, -63*t + 80 = -58*t - 5*m. Let j(r) = -3*r - 4. Determine j(t).
-34
Let w(g) = -g**3 + 8*g**2 - 5*g + 2. Let l(c) = 52*c - 569. Let d be l(11). Determine w(d).
32
Let c(j) be the second derivative of j**3/6 + 7*j**2/2 + j. Let f(b) = -2*b - 60. Let v be f(-7). Let a = v - -43. Calculate c(a).
4
Let m(o) = -6*o - 137 + 49 + 42 + 47 - o**2. Suppose -19 = 5*q + 6. Calculate m(q).
6
Let d(l) = 18*l - 13*l**2 + 5 + 84*l**3 + 88*l**3 - 246*l**3 + 73*l**3. Determine d(-14).
-51
Suppose -26*s + 20*s + 42 = 0. Let y be (s/(2 + 5))/(-1). Let i(x) = -x. Give i(y).
1
Let n(v) = -11*v**3 - 12*v**2 - 16*v + 16. Let u(x) = -17*x**3 - 18*x**2 - 24*x + 24. Let f(m) = 14*n(m) - 9*u(m). Determine f(-4).
8
Let d(l) = 243*l**2 - 1 - 126*l**2 + 4 + 4 + 4*l - 119*l**2. Calculate d(4).
-9
Let j(v) = -v**2 + 4. Let r(c) = 15 - 21 + 2*c - 5*c + 21. Let k be r(-8). Let z = 42 - k. What is j(z)?
-5
Let m(n) = -29*n + 1. Let c = -707 - -700. Let k(w) = -20*w + 1. Let l(q) = c*k(q) + 5*m(q). Give l(2).
-12
Let p(k) = -k**3 + 5*k**2 - 7*k + 4. Let c be p(4). Let i(b) = 49057*b**2 + 49046*b**2 + 49041*b**2 + b**3 + 5 - 147135*b**2 + 8*b. Determine i(c).
5
Let s be (-92)/(-16) + 2/8. Let t(f) be the third derivative of -f**6/120 + 7*f**5/60 - 5*f**4/24 + 5*f**3/6 + 1318*f**2. What is t(s)?
11
Let a = 15 - 17. Let f be 3 + (2 - 2)/(4 - 2). Let b(w) = -3 + 44*w**3 - 3*w**2 - 4*w - 79*w**f + 34*w**3. Determine b(a).
1
Let o(x) = x**2 - 3*x + 1. Let w(g) = 3*g**3 + 2*g**2 - g - 2. Let p be w(-2). Let j = 27 + -7. Let m be j/16 + -1 - 76/p. What is o(m)?
11
Let q(l) = 3 + 2*l - l - 1. Suppose -66*t + 70*t = 2*y, 3*y + 4*t = 0. Suppose -22*h - 141 - 13 = y. Give q(h).
-5
Let n be (-4)/(-8) - 1547/182. Let f(k) = k**2 - 39*k - 371. Calculate f(n).
5
Let a(h) = -h**3 + 6*h**2 - 2*h. Let m = 114 + -242. Let y = 132 + m. Give a(y).
24
Let o(l) = -6*l + 21*l - l + 13*l + 27 - 9*l. What is o(-4)?
-45
Let p(w) be the third derivative of -w**5/15 + 19*w**4/8 + 19*w**3/3 - 4*w**2 - 214. What is p(15)?
-7
Let x(l) = l**3 + 5*l**2 + 4*l - 3*l**2 + 1 + 0*l**2. Let f(w) = -1398*w - 26565. Let h be f(-19). What is x(h)?
-20
Suppose 10*u - 1530 + 1570 = 0. Let w(r) = -r**3 - 5*r**2 + 3*r - 2. Calculate w(u).
-30
Let c(z) = 4 + 1 - 2*z**3 - 1 - 1 + 3*z**2 - 6 - 6*z. What is c(4)?
-107
Let v = -1873 + 1879. Let l(a) = -a**2 - 9*a + 12. Let j be l(-10). Let d(n) = 2*n**2 + 5*n + 2*n**2 + j*n**2 - 7 - n**3. What is d(v)?
23
Let a(i) be the third derivative of i**4/6 + 22*i**3/3 + 3184*i**2. Give a(-11).
0
Let w(g) = -3*g**3 + 2*g**2 + 2*g. Suppose -28*j + 38*j = -10. Let m be w(j). Let n(c) = -c**2 + 3*c - 1. Determine n(m).
-1
Let w(m) = -m + 21. Let g(t) = 2*t - 135. Let i(k) = g(k) + 5*w(k). What is i(-10)?
0
Let z(t) = -t**2 + 5*t - 2. Suppose -3*h + 1401 = -3*q, 11*h - 6*h + 1361 = -3*q. Let p = q - -468. What is z(p)?
-8
Let u(z) be the second derivative of -11*z**6/60 + z**4/24 - 135*z**2/2 - 7*z + 4. Let p(k) be the first derivative of u(k). Give p(-1).
21
Let w = 1667 + -1667. Let k(m) be the third derivative of w - 5/6*m**3 + 0*m + 1/8*m**4 - 9*m**2. What is k(5)?
10
Let w(a) be the first derivative of -a**4/2 + 16*a**3/3 + 5*a**2/2 - 8*a - 2425. Give w(8).
32
Let m(a) = -a**2 + 21*a - 13. Let q be 11/25*40 + 2/5. Determine m(q).
41
Let b(w) = -3*w**3 + 2*w**2 + 2. Let j(h) = -10*h**3 + 2*h**2 - 6*h - 7. Let p(a) = 3*b(a) - j(a). Determine p(-4).
-11
Let c(y) = -5*y + 48. Let i be c(9). Let r(k) = -3*k - 24*k**2 - k + i*k - 9 + 25*k**2. Calculate r(4).
3
Let p(z) = -4*z**2 - 2*z - 15. Let o(w) = w**2 - w + 1. Let b be 0 - -5 - (5 - 3)*2. Let m(r) = b*p(r) + 5*o(r). Calculate m(7).
-10
Let p(o) = -4*o**2 - 4*o - 3. Suppose 2771*t - 2787*t = 32. Determine p(t).
-11
Let l(x) be the third derivative of x**6/40 - x**5/30 + x**4/24 + 1855*x**2. Give l(1).
2
Let d(n) = -n**3 - 12*n**2 - 11*n + 4. Let b = -6494 - -6483. What is d(b)?
4
Let h(v) = 7*v**2 + 204*v + 36. Let j be 9/36*(-125 + 9). What is h(j)?
7
Suppose 5*a + 20 = 0, 5*f - 5*a = -8*a - 12. Let z(u) = 3 + 16*u + u**2 - 8*u + f*u. Give z(-7).
-4
Let u(j) = j**3 + 46*j**2 - 96*j + 4. Let k be u(-48). Let o(g) be the third derivative of 0 + 0*g - 5/6*g**3 + 1/12*g**k + 11*g**2. What is o(-5)?
-15
Let q(j) = j**3 - j**2 - 7. Let y(d) = 4*d**2 + 151*d - 36. Let i be y(-38). Suppose 4*n + i = 2*o + 5*n, -10 = -4*o - 5*n. What is q(o)?
-7
Let y(w) = w*